{"id":6166,"date":"2024-10-26T18:08:42","date_gmt":"2024-10-26T16:08:42","guid":{"rendered":"https:\/\/ventex.pl\/produkt\/servisni-vozik-650-x-350-ws-1\/"},"modified":"2024-10-26T18:08:42","modified_gmt":"2024-10-26T16:08:42","slug":"servisni-vozik-650-x-350-ws-1","status":"publish","type":"product","link":"https:\/\/ventex.pl\/cs\/produkt\/servisni-vozik-650-x-350-ws-1\/","title":{"rendered":"Servisn\u00ed voz\u00edk 650 x 350 &#8211; WS-1"},"content":{"rendered":"<p><strong>Celkov\u00e9 rozm\u011bry: 715 x 355 x 770 mm<\/strong><\/p>\n<p><strong>Rozm\u011bry police: 650 x 350 x 50 mm<\/strong><\/p>\n<p><strong>Robust\u00e1 kovov\u00e1 konstrukce vyroben\u00e1 na CNC<\/strong><\/p>\n<p><strong>Materi\u00e1l: \u017d\u00e1rov\u011b pozinkovan\u00fd plech \/ pr\u00e1\u0161kov\u011b lakovan\u00fd<\/strong><\/p>\n<p><strong>Tlou\u0161\u0165ka materi\u00e1lu: 1,5 mm<\/strong><\/p>\n<p><strong>Odoln\u00e1 oto\u010dn\u00e1 kola z kovu a gumy<\/strong><\/p>\n<p><strong>Transportn\u00ed \u00fachyt<\/strong><\/p>\n","protected":false},"excerpt":{"rendered":"<p>Servisn\u00ed voz\u00edk VENTEX WS-1 je univerz\u00e1ln\u00ed n\u00e1stroj pou\u017e\u00edvan\u00fd v mnoha odv\u011btv\u00edch, kter\u00fd slou\u017e\u00ed k p\u0159eprav\u011b n\u00e1stroj\u016f, materi\u00e1l\u016f a vybaven\u00ed na pracovi\u0161t\u00edch, jako jsou d\u00edlny nebo tov\u00e1rny. Je velmi u\u017eite\u010dn\u00fd pro udr\u017een\u00ed po\u0159\u00e1dku a zv\u00fd\u0161en\u00ed efektivity pr\u00e1ce, proto\u017ee umo\u017e\u0148uje snadn\u00fd p\u0159esun n\u00e1stroj\u016f a p\u0159\u00edslu\u0161enstv\u00ed na jedno organizovan\u00e9 m\u00edsto. <\/p>\n<p><strong> <\/strong><\/p>\n<p><strong>V\u00fdhody servisn\u00edch voz\u00edk\u016f VENTEX:<\/strong><\/p>\n<ul>\n<li>P\u0159eprava n\u00e1stroj\u016f \u2013 usnad\u0148uj\u00ed p\u0159epravu d\u00edlensk\u00fdch n\u00e1stroj\u016f, servisn\u00edho vybaven\u00ed nebo n\u00e1hradn\u00edch d\u00edl\u016f v d\u00edln\u00e1ch.<\/li>\n<li>Organizace pr\u00e1ce \u2013 umo\u017e\u0148uj\u00ed udr\u017eovat po\u0159\u00e1dek d\u00edky polic\u00edm, kter\u00e9 zaji\u0161\u0165uj\u00ed snadn\u00fd p\u0159\u00edstup k pot\u0159ebn\u00fdm p\u0159edm\u011bt\u016fm.<\/li>\n<li>Mobilita \u2013 d\u00edky kole\u010dk\u016fm lze voz\u00edky snadno p\u0159em\u00eds\u0165ovat mezi r\u016fzn\u00fdmi pracovn\u00edmi z\u00f3nami, co\u017e \u0161et\u0159\u00ed \u010das a n\u00e1mahu.<\/li>\n<\/ul>\n","protected":false},"featured_media":5164,"comment_status":"open","ping_status":"closed","template":"","meta":[],"product_brand":[],"product_cat":[636,647],"product_tag":[638,639,649,651,648,650],"class_list":{"0":"post-6166","1":"product","2":"type-product","3":"status-publish","4":"has-post-thumbnail","6":"product_cat-kocarky-a-prislusenstvi","7":"product_cat-servisni-voziky","8":"product_tag-chariot-a-outils","9":"product_tag-chariot-pour-accessoires","10":"product_tag-servisni-vozik","11":"product_tag-servisni-vozik-650-x-350","12":"product_tag-servisni-vozik-650-x-350-ws-1","13":"product_tag-servisni-vozik-do-dilny","15":"first","16":"instock","17":"shipping-taxable","18":"product-type-simple"},"_links":{"self":[{"href":"https:\/\/ventex.pl\/cs\/wp-json\/wp\/v2\/product\/6166","targetHints":{"allow":["GET"]}}],"collection":[{"href":"https:\/\/ventex.pl\/cs\/wp-json\/wp\/v2\/product"}],"about":[{"href":"https:\/\/ventex.pl\/cs\/wp-json\/wp\/v2\/types\/product"}],"replies":[{"embeddable":true,"href":"https:\/\/ventex.pl\/cs\/wp-json\/wp\/v2\/comments?post=6166"}],"wp:featuredmedia":[{"embeddable":true,"href":"https:\/\/ventex.pl\/cs\/wp-json\/wp\/v2\/media\/5164"}],"wp:attachment":[{"href":"https:\/\/ventex.pl\/cs\/wp-json\/wp\/v2\/media?parent=6166"}],"wp:term":[{"taxonomy":"product_brand","embeddable":true,"href":"https:\/\/ventex.pl\/cs\/wp-json\/wp\/v2\/product_brand?post=6166"},{"taxonomy":"product_cat","embeddable":true,"href":"https:\/\/ventex.pl\/cs\/wp-json\/wp\/v2\/product_cat?post=6166"},{"taxonomy":"product_tag","embeddable":true,"href":"https:\/\/ventex.pl\/cs\/wp-json\/wp\/v2\/product_tag?post=6166"}],"curies":[{"name":"wp","href":"https:\/\/api.w.org\/{rel}","templated":true}]}}

Servisní vozík 650 x 350 &#8211; WS-1

<p><strong>Celkové rozměry: 715 x 355 x 770 mm</strong></p>
<p><strong>Rozměry police: 650 x 350 x 50 mm</strong></p>
<p><strong>Robustá kovová konstrukce vyrobená na CNC</strong></p>
<p><strong>Materiál: Žárově pozinkovaný plech / práškově lakovaný</strong></p>
<p><strong>Tloušťka materiálu: 1,5 mm</strong></p>
<p><strong>Odolná otočná kola z kovu a gumy</strong></p>
<p><strong>Transportní úchyt</strong></p>

<p>Servisní vozík VENTEX WS-1 je univerzální nástroj používaný v mnoha odvětvích, který slouží k přepravě nástrojů, materiálů a vybavení na pracovištích, jako jsou dílny nebo továrny. Je velmi užitečný pro udržení pořádku a zvýšení efektivity práce, protože umožňuje snadný přesun nástrojů a příslušenství na jedno organizované místo. </p>
<p><strong> </strong></p>
<p><strong>Výhody servisních vozíků VENTEX:</strong></p>
<ul>
<li>Přeprava nástrojů – usnadňují přepravu dílenských nástrojů, servisního vybavení nebo náhradních dílů v dílnách.</li>
<li>Organizace práce – umožňují udržovat pořádek díky policím, které zajišťují snadný přístup k potřebným předmětům.</li>
<li>Mobilita – díky kolečkům lze vozíky snadno přemísťovat mezi různými pracovními zónami, což šetří čas a námahu.</li>
</ul>
